digit of 78751928?
2
What is the hundred thousands digit of 1303105973?
1
What is the billions digit of 1918037503?
1
What is the hundred millions digit of 3483209969?
4
What is the hundred thousands digit of 8952345?
9
What is the ten millions digit of 5093317917?
9
What is the hundred thousands digit of 524028108?
0
What is the units digit of 2660408769?
9
What is the thousands digit of 373329026?
9
What is the thousands digit of 591677123?
7
What is the units digit of 51500970?
0
What is the hundreds digit of 2021353?
3
What is the tens digit of 422124721?
2
What is the millions digit of 179446280?
9
What is the hundred thousands digit of 46249347?
2
What is the ten millions digit of 28469960?
2
What is the ten thousands digit of 26225732?
2
What is the tens digit of 3557781631?
3
What is the units digit of 1721810260?
0
What is the thousands digit of 278540885?
0
What is the hundred thousands digit of 16631232?
6
What is the hundreds digit of 25456121?
1
What is the hundred thousands digit of 170863660?
8
What is the hundred millions digit of 309168982?
3
What is the ten millions digit of 136350579?
3
What is the units digit of 444578582?
2
What is the tens digit of 103602873?
7
What is the tens digit of 382887981?
8
What is the hundreds digit of 983966069?
0
What is the units digit of 307594773?
3
What is the units digit of 993525642?
2
What is the hundreds digit of 3770797570?
5
What is the ten thousands digit of 81999478?
9
What is the units digit of 516667128?
8
What is the millions digit of 29914606?
9
What is the ten thousands digit of 178032930?
3
What is the tens digit of 52234589?
8
What is the thousands digit of 37157018?
7
What is the hundred thousands digit of 1983165080?
1
What is the millions digit of 33638750?
3
What is the ten millions digit of 168321068?
6
What is the thousands digit of 18729066?
9
What is the tens digit of 21723108?
0
What is the millions digit of 15868068?
5
What is the hundred millions digit of 253956458?
2
What is the units digit of 137815109?
9
What is the hundred millions digit of 162391127?
1
What is the ten thousands digit of 1879971554?
7
What is the ten thousands digit of 559554228?
5
What is the tens digit of 66018163?
6
What is the tens digit of 828613661?
6
What is the thousands digit of 216594129?
4
What is the billions digit of 4293325285?
4
What is the millions digit of 105843508?
5
What is the ten thousands digit of 34987206?
8
What is the billions digit of 1230302592?
1
What is the units digit of 184770524?
4
What is the tens digit of 59758080?
8
What is the tens digit of 7965085928?
2
What is the millions digit of 8393745?
8
What is the millions digit of 7434617?
7
What is the ten millions digit of 68621292?
6
What is the hundreds digit of 285925234?
2
What is the units digit of 55616355?
5
What is the tens digit of 5257219316?
1
What is the tens digit of 26504199?
9
What is the millions digit of 25820084?
5
What is the millions digit of 118964350?
8
What is the ten millions digit of 85854497?
8
What is the units digit of 423266195?
5
What is the millions digit of 399993701?
9
What is the tens digit of 2304248?
4
What is the hundred thousands digit of 87274267?
2
What is the hundreds digit of 2981390702?
7
What is the hundreds digit of 90939246?
2
What is the units digit of 212903376?
6
What is the units digit of 252333202?
2
What is the units digit of 2459468068?
8
What is the ten thousands digit of 55627946?
2
What is the hundred thousands digit of 2172848790?
8
What is the hundred thousands digit of 2049796?
0
What is the hundreds digit of 1712726798?
7
What is the hundred millions digit of 2798646647?
7
What is the tens digit of 292656660?
6
What is the millions digit of 1829734845?
9
What is the hundred millions digit of 173213089?
1
What is the ten thousands digit of 31208799?
0
What is the hundreds digit of 309538255?
2
What is the ten millions digit of 133634412?
3
What is the thousands digit of 1436776356?
6
What is the tens digit of 32952996?
9
What is the ten thousands digit of 5951513263?
1
What is the units digit of 3563072446?
6
What is the units digit of 77642042?
2
What is the millions digit of 23909533?
3
What is the tens digit of 969226377?
7
What is the millions digit of 1526629308?
6
What is the hundred thousands digit of 210948630?
9
What is the units digit of 3826133?
3
What is the ten millions digit of 47135914?
4
What is the hundred millions digit of 1497862561?
4
What is the ten millions digit of 4529060444?
2
What is the units digit of 1495760819?
9
What is the ten thousands digit of 175189074?
8
What is the tens digit of 12876337?
3
What is the hundred millions digit of 4582687424?
5
What is the hundred millions digit of 138369877?
1
What is the tens digit of 142702452?
5
What is the billions digit of 2155921760?
2
What is the units digit of 253549922?
2
What is the hundred millions digit of 2207619332?
2
What is the tens digit of 252657779?
7
What is the tens digit of 28651703?
0
What is the units digit of 792261137?
7
What is the thousands digit of 3458022128?
2
What is the thousands digit of 3792053604?
3
What is the ten thousands digit of 84288229?
8
What is the ten millions digit of 39199868?
3
What is the ten thousands digit of 768851657?
5
What is the ten millions digit of 301477847?
0
What is the thousands digit of 4441189?
1
What is the millions digit of 1102759131?
2
What is the tens digit of 971606546?
4
What is the ten thousands digit of 51484888?
8
What is the millions digit of 644770348?
4
What is the hundred thousands digit of 1843186429?
1
What is the tens digit of 6431835?
3
What is the hundreds digit of 2271204070?
0
What is the thousands digit of 35882976?
2
What is the billions digit of 2517298218?
2
What is the hundreds digit of 5299996550?
5
What is the units digit of 1505270883?
3
What is the tens digit of 1917368?
6
What is the tens digit of 10945426?
2
What is the ten millions digit of 265428689?
6
What is the tens digit of 60514207?
0
What is the hundreds digit of 52073345?
3
What is the units digit of 94165486?
6
What is the tens digit of 264852406?
0
What is the ten thousands digit of 8926775?
2
What is the hundred thousands digit of 230266268?
2
What is the ten millions digit of 27986519?
2
What is the units digit of 993500450?
0
What is the hundreds digit of 541035613?
6
What is the ten millions digit of 109448544?
0
What is the ten millions digit of 74674119?
7
What is the ten thousands digit of 39157101?
5
What is the tens digit of 475248045?
4
What is the millions digit of 1002168991?
2
What is the hundreds digit of 672928418?
4
What is the units digit of 4196490339?
9
What is the ten thousands digit of 173301692?
0
What is the units digit of 40999607?
7
What is the hundred millions digit of 101168949?
1
What is the ten thousands digit of 740209299?
0
What is the ten millions digit of 1348863933?
4
What is the ten thousands digit of 303063769?
6
What is the billions digit of 2283902984?
2
What is the hundred thousands digit of 411178523?
1
What is the millions digit of 119438848?
9
What is the tens digit of 227762784?
8
What is the millions digit of 3480650456?
0
What is the ten millions digit of 84861038?
8
What is the thousands digit of 323048518?
8
What is the hundred millions digit of 1677157959?
6
What is the ten thousands digit of 18301603?
0
What is the billions digit of 3329390792?
3
What is the millions digit of 362289355?
2
What is the ten thousands digit of 718712092?
1
What is the millions digit of 71039523?
1
What is the ten thousands digit of 6085986663?
8
What is the millions digit of 129107086?
9
What is the hundred thousands digit of 16154735?
1
What is the units digit of 4217632?
2
What is the hundred millions digit of 2986232104?
9
What is the tens digit of 231493594?
9
What is the tens digit of 97237058?
5
What is the ten millions digit of 47646077?
4
What is the hundreds digit of 3697834833?
8
What is the hundreds digit of 250649032?
0
What is the millions digit of 548535792?
8
What is the hundreds digit of 431718864?
8
What is the tens digit of 125981491?
9
What is the billions digit of 7341639421?
7
What is the hundred millions digit of 4323420190?
3
What is the hundred thousands digit of 1121689272?
